{"id":20333,"date":"2026-02-08T14:31:34","date_gmt":"2026-02-08T13:31:34","guid":{"rendered":"https:\/\/www.fmiv.nu\/wordpress\/?page_id=20333"},"modified":"2026-05-12T13:35:47","modified_gmt":"2026-05-12T11:35:47","slug":"20333-2","status":"publish","type":"page","link":"https:\/\/www.fmiv.nu\/wordpress\/?page_id=20333","title":{"rendered":""},"content":{"rendered":"\n<p><\/p>\n\n\n\n<p><\/p>\n\n\n\n<div class=\"wp-block-columns is-layout-flex wp-container-core-columns-is-layout-1 wp-block-columns-is-layout-flex\">\n<div class=\"wp-block-column is-layout-flow wp-block-column-is-layout-flow\">\n<figure class=\"wp-block-gallery aligncenter has-nested-images columns-default is-cropped wp-block-gallery-1 is-layout-flex wp-block-gallery-is-layout-flex\"><div class=\"wp-block-image\">\n<figure class=\"aligncenter size-large\"><a href=\"https:\/\/www.fmiv.nu\/wordpress\/wp-content\/uploads\/2026\/02\/DRMT-bild-2-1.jpg\"><img loading=\"lazy\" decoding=\"async\" width=\"1024\" height=\"576\" src=\"https:\/\/www.fmiv.nu\/wordpress\/wp-content\/uploads\/2026\/02\/DRMT-bild-2-1-1024x576.jpg\" alt=\"\" class=\"wp-image-20375\" srcset=\"https:\/\/www.fmiv.nu\/wordpress\/wp-content\/uploads\/2026\/02\/DRMT-bild-2-1-1024x576.jpg 1024w, https:\/\/www.fmiv.nu\/wordpress\/wp-content\/uploads\/2026\/02\/DRMT-bild-2-1-300x169.jpg 300w, https:\/\/www.fmiv.nu\/wordpress\/wp-content\/uploads\/2026\/02\/DRMT-bild-2-1-768x432.jpg 768w, https:\/\/www.fmiv.nu\/wordpress\/wp-content\/uploads\/2026\/02\/DRMT-bild-2-1.jpg 1181w\" sizes=\"auto, (max-width: 1024px) 100vw, 1024px\" \/><\/a><\/figure><\/div><\/figure>\n\n\n\n<p><\/p>\n<\/div>\n<\/div>\n\n\n\n<p class=\"has-text-align-center\"><strong>Hej och v\u00e4lkomna till<\/strong><\/p>\n\n\n\n<p class=\"has-text-align-center\"><strong>Den r\u00f6da musik tr\u00e5den<\/strong><\/p>\n\n\n\n<p class=\"has-text-align-center\"><strong>Detta program kommer att ha en lite r\u00f6d tr\u00e5d, d\u00e4r allt som spelas har ett samband. Ibland uppenbart ibland inte.Tanken \u00e4r att spela musik som inte spelas s\u00e5 mycket p\u00e5 radion. Jag kommer hellre spela lite ok\u00e4nda l\u00e5tar fr\u00e5n k\u00e4nda band, spela det jag tror \u00e4r band som inte m\u00e5nga k\u00e4nner till, eller som jag tycker skulle ha f\u00e5tt mer uppm\u00e4rksamhet. Det kommer ocks\u00e5 komma program dedikerat till en musiker, som jag tycker skall f\u00e5 den uppm\u00e4rksamheten. Det kan vara k\u00e4nda och ok\u00e4nda, vi f\u00e5r se hur det kommer att arta sig, n\u00e4r programmet har g\u00e5tt n\u00e5gra g\u00e5nger. Jag hoppas att ni kommer att gilla det. N\u00e4r det kommer till musikstilar, s\u00e5 kommer jag plocka fr\u00e5n mina tv\u00e5 musikstilar som jag anv\u00e4nder mig av. N\u00e4mligen det som ber\u00f6r mig och som jag gillar och det som inte g\u00f6r det. Gissa fr\u00e5n vilken kategori jag v\u00e4ljer fr\u00e5n. Ni f\u00e5r g\u00e4rna komma med synpunkter om programmet skriv d\u00e5 till altzarfeldt@live.se<\/strong><\/p>\n\n\n\n<p class=\"has-text-align-center has-text-color has-link-color wp-elements-f0e04050c04aadab7a9f6599af216959\" style=\"color:#f20303\"><strong>Vill ni lyssna p\u00e5 Webradion klicka p\u00e5 bilderna ovanf\u00f6r s\u00e5 kommer ni dit. <\/strong><\/p>\n\n\n\n<p class=\"has-text-align-left\"><em><strong>Program V 20 &#8211; 21:<\/strong><\/em><\/p>\n\n\n<div class=\"wp-block-image\">\n<figure class=\"alignleft size-full is-resized\"><a href=\"https:\/\/sstream.ueteknik.se\/public\/fmiv\" target=\"_blank\" rel=\" noreferrer noopener\"><img loading=\"lazy\" decoding=\"async\" width=\"1181\" height=\"1181\" src=\"https:\/\/www.fmiv.nu\/wordpress\/wp-content\/uploads\/2026\/05\/DRMT-bild-CD-7.jpg\" alt=\"\" class=\"wp-image-20787\" style=\"width:145px;height:auto\" srcset=\"https:\/\/www.fmiv.nu\/wordpress\/wp-content\/uploads\/2026\/05\/DRMT-bild-CD-7.jpg 1181w, https:\/\/www.fmiv.nu\/wordpress\/wp-content\/uploads\/2026\/05\/DRMT-bild-CD-7-300x300.jpg 300w, https:\/\/www.fmiv.nu\/wordpress\/wp-content\/uploads\/2026\/05\/DRMT-bild-CD-7-1024x1024.jpg 1024w, https:\/\/www.fmiv.nu\/wordpress\/wp-content\/uploads\/2026\/05\/DRMT-bild-CD-7-150x150.jpg 150w, https:\/\/www.fmiv.nu\/wordpress\/wp-content\/uploads\/2026\/05\/DRMT-bild-CD-7-768x768.jpg 768w\" sizes=\"auto, (max-width: 1181px) 100vw, 1181px\" \/><\/a><\/figure><\/div>\n\n\n<p><strong>M\u00e5ndagen den 11\/5 &amp; 18\/5 &#8211; Kl 20.00 &#8211; Repris s\u00f6ndagen 17\/5 &amp; 24\/5 &#8211; kl 20.00 <\/strong><\/p>\n\n\n\n<p><strong>R\u00f6d tr\u00e5d &#8211; Supergroups 1<\/strong><\/p>\n\n\n\n<p><strong>L\u00e5tar som kommer i detta program. <\/strong><\/p>\n\n\n\n<figure class=\"wp-block-table\"><table class=\"has-fixed-layout\"><tbody><tr><td><strong>01 &#8211; Anderson Bruford Wakeman Howe &#8211; Birthright<br>02 &#8211; Blind Faith &#8211; Sea of Joy<br>03 &#8211; Dirty White Boy &#8211; Dead Cat Alley<br>04 &#8211; Frost* &#8211; Life in the Wires, Pt. 1<br>05 &#8211; Last in Line &#8211; Ghost Town<br>06 &#8211; Return to forever &#8211; Majestic Dance<br>07 &#8211; The Firm &#8211; Make or Break<br>08 &#8211; The Storm &#8211; You Keep Me Waiting<br>09 &#8211; Whom Gods Destroy &#8211; In the Name of War<\/strong><\/td><\/tr><\/tbody><\/table><\/figure>\n\n\n\n<p class=\"has-text-align-center\"><\/p>\n\n\n\n<p class=\"has-text-align-center\"><strong>Vill ni komma i kontakt med med s\u00e5 g\u00f6r ni detta p\u00e5 nedanst\u00e5ende mailadress.<\/strong> <em><strong>Gamla program som finns p\u00e5 YouTube och kan lyssnas p\u00e5 om och om och om igen<\/strong><\/em>.<\/p>\n\n\n\n<figure class=\"wp-block-table\"><table class=\"has-fixed-layout\"><tbody><tr><td><strong>DRMT 1 &#8211; S\u00e4ndes V 8 &amp; 9 &#8211; <\/strong><a href=\"https:\/\/youtu.be\/VrfgC8IalxE?si=IVDfnZBEl1KVvejT\">https:\/\/youtu.be\/VrfgC8IalxE?si=IVDfnZBEl1KVvejT<\/a><br><strong>DRMT 2 &#8211; S\u00e4ndes V 10 &amp; 11<\/strong> &#8211; <a href=\"https:\/\/youtu.be\/H12ocXI97p0\">https:\/\/youtu.be\/H12ocXI97p0<\/a><br><strong>DRMT 3 &#8211; S\u00e4ndes V 12 &amp; 13<\/strong> &#8211; <a href=\"https:\/\/youtu.be\/wao9lfsBdVY\">https:\/\/youtu.be\/wao9lfsBdVY<\/a><br><strong>DRMT 4 &#8211; S\u00e4ndes V 14 &amp; 15<\/strong> &#8211; <a href=\"https:\/\/youtu.be\/wob1aLAdpF0\">https:\/\/youtu.be\/wob1aLAdpF0<\/a><br><strong>DRMT 5 &#8211; S\u00e4ndes V 16 &amp; 17<\/strong> &#8211; <a href=\"https:\/\/youtu.be\/rjiEDzLL6Ys\">https:\/\/youtu.be\/rjiEDzLL6Ys<\/a><br><strong>DRMT 6 &#8211; Premi\u00e4r 11\/5 08.00<\/strong> &#8211; <a href=\"https:\/\/youtu.be\/TlvfxEpixwQ\">https:\/\/youtu.be\/TlvfxEpixwQ<\/a><\/td><\/tr><\/tbody><\/table><\/figure>\n\n\n\n<p class=\"has-text-align-center\"><\/p>\n\n\n\n<p class=\"has-text-align-center\"><strong><a href=\"mailto:altzarfeldt@live.se\">altzarfeldt@live.se<\/a><\/strong><\/p>\n\n\n\n<p class=\"has-text-align-center\"><strong>Med V\u00e4nliga H\u00e4lsningar<br>Anders Altzarfeldt<\/strong><\/p>\n\n\n<div class=\"wp-block-image\">\n<figure class=\"aligncenter size-full\"><a href=\"https:\/\/www.fmiv.nu\/wordpress\/wp-content\/uploads\/2026\/02\/Narradio-1.jpg\"><img loading=\"lazy\" decoding=\"async\" width=\"261\" height=\"238\" src=\"https:\/\/www.fmiv.nu\/wordpress\/wp-content\/uploads\/2026\/02\/Narradio-1.jpg\" alt=\"\" class=\"wp-image-20329\"\/><\/a><\/figure><\/div>\n\n\n<p><\/p>\n\n\n\n<p><\/p>\n","protected":false},"excerpt":{"rendered":"<p>Hej och v\u00e4lkomna till Den r\u00f6da musik tr\u00e5den Detta program kommer att ha en lite r\u00f6d tr\u00e5d, d\u00e4r allt som spelas har ett samband. Ibland uppenbart ibland inte.Tanken \u00e4r att spela musik som inte spelas s\u00e5 mycket p\u00e5 radion. Jag kommer hellre spela lite ok\u00e4nda l\u00e5tar fr\u00e5n k\u00e4nda band, spela det jag tror \u00e4r band&hellip;&nbsp;<a href=\"https:\/\/www.fmiv.nu\/wordpress\/?page_id=20333\" rel=\"bookmark\">Read More &raquo;<span class=\"screen-reader-text\"><\/span><\/a><\/p>\n","protected":false},"author":17,"featured_media":0,"parent":0,"menu_order":2,"comment_status":"closed","ping_status":"closed","template":"","meta":{"neve_meta_sidebar":"","neve_meta_container":"","neve_meta_enable_content_width":"","neve_meta_content_width":0,"neve_meta_title_alignment":"","neve_meta_author_avatar":"","neve_post_elements_order":"","neve_meta_disable_header":"","neve_meta_disable_footer":"","neve_meta_disable_title":"","neve_meta_reading_time":"","footnotes":""},"class_list":["post-20333","page","type-page","status-publish","hentry"],"_links":{"self":[{"href":"https:\/\/www.fmiv.nu\/wordpress\/index.php?rest_route=\/wp\/v2\/pages\/20333","targetHints":{"allow":["GET"]}}],"collection":[{"href":"https:\/\/www.fmiv.nu\/wordpress\/index.php?rest_route=\/wp\/v2\/pages"}],"about":[{"href":"https:\/\/www.fmiv.nu\/wordpress\/index.php?rest_route=\/wp\/v2\/types\/page"}],"author":[{"embeddable":true,"href":"https:\/\/www.fmiv.nu\/wordpress\/index.php?rest_route=\/wp\/v2\/users\/17"}],"replies":[{"embeddable":true,"href":"https:\/\/www.fmiv.nu\/wordpress\/index.php?rest_route=%2Fwp%2Fv2%2Fcomments&post=20333"}],"version-history":[{"count":36,"href":"https:\/\/www.fmiv.nu\/wordpress\/index.php?rest_route=\/wp\/v2\/pages\/20333\/revisions"}],"predecessor-version":[{"id":20818,"href":"https:\/\/www.fmiv.nu\/wordpress\/index.php?rest_route=\/wp\/v2\/pages\/20333\/revisions\/20818"}],"wp:attachment":[{"href":"https:\/\/www.fmiv.nu\/wordpress\/index.php?rest_route=%2Fwp%2Fv2%2Fmedia&parent=20333"}],"curies":[{"name":"wp","href":"https:\/\/api.w.org\/{rel}","templated":true}]}}