{"id":20284,"date":"2026-02-07T14:20:46","date_gmt":"2026-02-07T13:20:46","guid":{"rendered":"https:\/\/www.fmiv.nu\/wordpress\/?page_id=20284"},"modified":"2026-05-12T13:37:40","modified_gmt":"2026-05-12T11:37:40","slug":"hog-farm","status":"publish","type":"page","link":"https:\/\/www.fmiv.nu\/wordpress\/?page_id=20284","title":{"rendered":""},"content":{"rendered":"\n<p><\/p>\n\n\n\n<div class=\"wp-block-columns is-layout-flex wp-container-core-columns-is-layout-1 wp-block-columns-is-layout-flex\">\n<div class=\"wp-block-column is-layout-flow wp-block-column-is-layout-flow\">\n<figure class=\"wp-block-gallery aligncenter has-nested-images columns-default is-cropped wp-block-gallery-1 is-layout-flex wp-block-gallery-is-layout-flex\">\n<figure class=\"wp-block-image size-large\"><a href=\"https:\/\/www.fmiv.nu\/wordpress\/wp-content\/uploads\/2026\/02\/HF-BILD-2.jpg\"><img loading=\"lazy\" decoding=\"async\" width=\"1024\" height=\"620\" src=\"https:\/\/www.fmiv.nu\/wordpress\/wp-content\/uploads\/2026\/02\/HF-BILD-2-1024x620.jpg\" alt=\"\" class=\"wp-image-20303\" srcset=\"https:\/\/www.fmiv.nu\/wordpress\/wp-content\/uploads\/2026\/02\/HF-BILD-2-1024x620.jpg 1024w, https:\/\/www.fmiv.nu\/wordpress\/wp-content\/uploads\/2026\/02\/HF-BILD-2-300x182.jpg 300w, https:\/\/www.fmiv.nu\/wordpress\/wp-content\/uploads\/2026\/02\/HF-BILD-2-768x465.jpg 768w, https:\/\/www.fmiv.nu\/wordpress\/wp-content\/uploads\/2026\/02\/HF-BILD-2.jpg 1181w\" sizes=\"auto, (max-width: 1024px) 100vw, 1024px\" \/><\/a><\/figure>\n<\/figure>\n\n\n\n<p><\/p>\n<\/div>\n<\/div>\n\n\n\n<p class=\"has-text-align-center\"><strong>Hej och v\u00e4lkomna till<br>Hog Farm<br>Detta program kommer enbart att spela band fr\u00e5n V\u00e4stmanland. Huvudpunkten kommer att ligga p\u00e5 eget material. Covers kommer troligtvis ocks\u00e5 att spelas.<br>Det som kommer att spelas \u00e4r det som jag kan l\u00e4gga mina h\u00e4nder p\u00e5, allt h\u00e4nger ju p\u00e5 vad jag f\u00e5r tag p\u00e5. Inspelningarna beh\u00f6ver inte vara av CD kvalit\u00e9, utan det kan vara inspelat i replokalen, live, radio, genom bandspelare, singlar, LP etc etc. Det viktiga \u00e4r att den som delar med sig tycker att det kan spelas i radion.<br>S\u00e5 om ni vill dela med er av er musikskatt fr\u00e5n V\u00e4stmanland s\u00e5 maila mig g\u00e4rna p\u00e5 altzarfeldt@live.se<br>Vilken musikstil d\u00e5, undrar ni. F\u00f6r mig s\u00e5 finns det bara tv\u00e5 musikstilar, det som jag gillar och ber\u00f6r mig och det som inte g\u00f6r det.<br>Men programmet kommer troligtvis var mer rock \u00e4n dans, det \u00e4r ju jag som kommer v\u00e4lja vad som spelas.<\/strong><\/p>\n\n\n\n<p><em><strong>Hog Farm 7 &#8211; V 19 &amp; 20:<\/strong><\/em><\/p>\n\n\n<div class=\"wp-block-image\">\n<figure class=\"alignleft size-full is-resized\"><a href=\"https:\/\/sstream.ueteknik.se\/public\/fmiv\" target=\"_blank\" rel=\" noreferrer noopener\"><img loading=\"lazy\" decoding=\"async\" width=\"1600\" height=\"1600\" src=\"https:\/\/www.fmiv.nu\/wordpress\/wp-content\/uploads\/2026\/03\/Hb27588ba0e934f5fb64338ab1d56a4c6j.avif\" alt=\"\" class=\"wp-image-20489\" style=\"width:145px;height:auto\"\/><\/a><\/figure><\/div>\n\n\n<p><strong>Tisdagarna 5\/5 &amp; 12\/5 &#8211; Kl 20.00 &#8211; Repriser s\u00f6ndagarna 10\/5 &amp; 17\/5 &#8211; kl 19.00 <\/strong><\/p>\n\n\n\n<p><strong>Singlar etc.<\/strong><\/p>\n\n\n\n<p><strong>  I programmet kommer f\u00f6ljande l\u00e5tar att spelas.  <\/strong><\/p>\n\n\n\n<figure class=\"wp-block-table\"><table class=\"has-fixed-layout\"><tbody><tr><td><strong>01 &#8211; Achilleus &#8211; Allt Vi Beg\u00e4r<br>02 &#8211; Audio &#8211; &nbsp; Sj\u00f6rnorna<br>03 &#8211; Borta p\u00e5 vinden &#8211; Stressig &amp; Strulig<br>04 &#8211; Coffee &amp; Cream &#8211; I don&#8217;t want your money<br>05 &#8211; J Hex &#8211; Catcher in the Rye<br>06 &#8211; Kings n Fools &#8211; Former Life<br>07 &#8211; Lady White &#8211; Hellbound<br>08 &#8211; Lotuz &#8211; En g\u00e5ng till<br>09 &#8211; Mob Garten &#8211; Music from the border<br>10 &#8211; Powerhouse &#8211; Take me down<\/strong><br><\/td><\/tr><\/tbody><\/table><\/figure>\n\n\n\n<p><em><strong>Hog Farm 8 &#8211; V 21 &amp; 22:<\/strong><\/em><\/p>\n\n\n<div class=\"wp-block-image\">\n<figure class=\"alignleft size-full is-resized\"><a href=\"https:\/\/sstream.ueteknik.se\/public\/fmiv\" target=\"_blank\" rel=\" noreferrer noopener\"><img loading=\"lazy\" decoding=\"async\" width=\"1600\" height=\"1600\" src=\"https:\/\/www.fmiv.nu\/wordpress\/wp-content\/uploads\/2026\/03\/Hb27588ba0e934f5fb64338ab1d56a4c6j.avif\" alt=\"\" class=\"wp-image-20489\" style=\"width:145px;height:auto\"\/><\/a><\/figure><\/div>\n\n\n<p><strong>Tisdagarna 19\/5 &amp; 26\/5 &#8211; Kl 20.00 &#8211; Repriser s\u00f6ndagarna 24\/5 &amp; 31\/5 &#8211; kl 19.00 <\/strong><\/p>\n\n\n\n<p><strong>Lite CD sl\u00e4pp.<\/strong><\/p>\n\n\n\n<p><strong>  I programmet kommer f\u00f6ljande l\u00e5tar att spelas.  <\/strong><\/p>\n\n\n\n<figure class=\"wp-block-table\"><table class=\"has-fixed-layout\"><tbody><tr><td><strong>01 &#8211; Protectors &#8211; Come back baby<br>02 &#8211; Rampant &#8211; Skin Deep<br>03 &#8211; Red Light Garden &#8211; Starbeams<br>04 &#8211; Section Eight &#8211; Bad girl<br>05 &#8211; Skymning &#8211; En \u00c4ngel<br>06 &#8211; Source &#8211; Domination Enterprise<br>07 &#8211; Squareheads &#8211; Homesick<br>08 &#8211; Stringz &#8211; Growing Feelings<br>09 &#8211; Trots &#8211; S\u00e5 l\u00e4nge sedan<br>10 &#8211; Unchained &#8211; Queen of the night<br>11 &#8211; \u00c5tersken &#8211; Vi tv\u00e5<\/strong><\/td><\/tr><\/tbody><\/table><\/figure>\n\n\n\n<p><em><strong>Gamla program som finns p\u00e5 YouTube och kan lyssnas p\u00e5 om och om och om igen:<\/strong><\/em><\/p>\n\n\n\n<figure class=\"wp-block-table\"><table class=\"has-fixed-layout\"><tbody><tr><td><strong>Hog Farm 1 &#8211; S\u00e4ndes V 7 &amp; 8 &#8211; <\/strong><a href=\"https:\/\/youtu.be\/zxpe5ZxXp-Q\">https:\/\/youtu.be\/zxpe5ZxXp-Q<\/a><br><strong>Hog Farm 2 &#8211; S\u00e4ndes V 9 &amp; 10<\/strong> &#8211; <a href=\"https:\/\/youtu.be\/UOsHG_wsONc\">https:\/\/youtu.be\/UOsHG_wsONc<\/a><br><strong>Hog Farm 3 &#8211; S\u00e4ndes V 11 &amp; 12<\/strong> &#8211; <a href=\"https:\/\/youtu.be\/MBCxWXwAlf0\">https:\/\/youtu.be\/MBCxWXwAlf0<\/a><br><strong>Hog Farm 4 &#8211; S\u00e4ndes V 13 &amp; 14<\/strong> &#8211; <a href=\"https:\/\/youtu.be\/kkEGzZM8qmA\">https:\/\/youtu.be\/kkEGzZM8qmA<\/a><br><strong>Hog Farm 5 &#8211; S\u00e4ndes V 15 &amp;16<\/strong> &#8211; <a href=\"https:\/\/youtu.be\/enGysNtyoOQ\">https:\/\/youtu.be\/enGysNtyoOQ<\/a><br><strong>Hog Farm 6 &#8211; S\u00e4ndes V 17 &amp; 18<\/strong> &#8211; <a href=\"https:\/\/youtu.be\/ZunvFEhmQBk\">https:\/\/youtu.be\/ZunvFEhmQBk<\/a><\/td><\/tr><\/tbody><\/table><\/figure>\n\n\n\n<p class=\"has-text-align-center\"><strong>Vill ni lyssna p\u00e5 webradion s\u00e5 tryck p\u00e5 bilden, s\u00e5 kommer ni dit. <\/strong><\/p>\n\n\n\n<p class=\"has-text-align-center\"><strong>Vill ni komma i kontakt med med s\u00e5 g\u00f6r ni detta p\u00e5 nedanst\u00e5ende mailadress.<\/strong><\/p>\n\n\n\n<p class=\"has-text-align-center\"><strong><a href=\"mailto:altzarfeldt@live.se\">altzarfeldt@live.se<\/a><\/strong><\/p>\n\n\n\n<p class=\"has-text-align-center\"><strong>Med V\u00e4nliga H\u00e4lsningar<br>Anders Altzarfeldt<\/strong><\/p>\n\n\n<div class=\"wp-block-image\">\n<figure class=\"aligncenter size-full\"><a href=\"https:\/\/www.fmiv.nu\/wordpress\/wp-content\/uploads\/2026\/02\/Narradio-1.jpg\"><img loading=\"lazy\" decoding=\"async\" width=\"261\" height=\"238\" src=\"https:\/\/www.fmiv.nu\/wordpress\/wp-content\/uploads\/2026\/02\/Narradio-1.jpg\" alt=\"\" class=\"wp-image-20329\"\/><\/a><\/figure><\/div>","protected":false},"excerpt":{"rendered":"<p>Hej och v\u00e4lkomna tillHog FarmDetta program kommer enbart att spela band fr\u00e5n V\u00e4stmanland. Huvudpunkten kommer att ligga p\u00e5 eget material. Covers kommer troligtvis ocks\u00e5 att spelas.Det som kommer att spelas \u00e4r det som jag kan l\u00e4gga mina h\u00e4nder p\u00e5, allt h\u00e4nger ju p\u00e5 vad jag f\u00e5r tag p\u00e5. Inspelningarna beh\u00f6ver inte vara av CD kvalit\u00e9,&hellip;&nbsp;<a href=\"https:\/\/www.fmiv.nu\/wordpress\/?page_id=20284\" rel=\"bookmark\">Read More &raquo;<span class=\"screen-reader-text\"><\/span><\/a><\/p>\n","protected":false},"author":17,"featured_media":20293,"parent":0,"menu_order":1,"comment_status":"closed","ping_status":"closed","template":"","meta":{"neve_meta_sidebar":"","neve_meta_container":"","neve_meta_enable_content_width":"","neve_meta_content_width":0,"neve_meta_title_alignment":"","neve_meta_author_avatar":"","neve_post_elements_order":"","neve_meta_disable_header":"","neve_meta_disable_footer":"","neve_meta_disable_title":"","neve_meta_reading_time":"","footnotes":""},"class_list":["post-20284","page","type-page","status-publish","has-post-thumbnail","hentry"],"_links":{"self":[{"href":"https:\/\/www.fmiv.nu\/wordpress\/index.php?rest_route=\/wp\/v2\/pages\/20284","targetHints":{"allow":["GET"]}}],"collection":[{"href":"https:\/\/www.fmiv.nu\/wordpress\/index.php?rest_route=\/wp\/v2\/pages"}],"about":[{"href":"https:\/\/www.fmiv.nu\/wordpress\/index.php?rest_route=\/wp\/v2\/types\/page"}],"author":[{"embeddable":true,"href":"https:\/\/www.fmiv.nu\/wordpress\/index.php?rest_route=\/wp\/v2\/users\/17"}],"replies":[{"embeddable":true,"href":"https:\/\/www.fmiv.nu\/wordpress\/index.php?rest_route=%2Fwp%2Fv2%2Fcomments&post=20284"}],"version-history":[{"count":52,"href":"https:\/\/www.fmiv.nu\/wordpress\/index.php?rest_route=\/wp\/v2\/pages\/20284\/revisions"}],"predecessor-version":[{"id":20820,"href":"https:\/\/www.fmiv.nu\/wordpress\/index.php?rest_route=\/wp\/v2\/pages\/20284\/revisions\/20820"}],"wp:featuredmedia":[{"embeddable":true,"href":"https:\/\/www.fmiv.nu\/wordpress\/index.php?rest_route=\/wp\/v2\/media\/20293"}],"wp:attachment":[{"href":"https:\/\/www.fmiv.nu\/wordpress\/index.php?rest_route=%2Fwp%2Fv2%2Fmedia&parent=20284"}],"curies":[{"name":"wp","href":"https:\/\/api.w.org\/{rel}","templated":true}]}}