{"id":11962,"date":"2021-06-10T08:41:14","date_gmt":"2021-06-10T06:41:14","guid":{"rendered":"https:\/\/www.fmiv.nu\/wordpress\/?page_id=11962"},"modified":"2024-03-05T14:44:38","modified_gmt":"2024-03-05T13:44:38","slug":"kommunfullmaktige-i-vasteras","status":"publish","type":"page","link":"https:\/\/www.fmiv.nu\/wordpress\/?page_id=11962","title":{"rendered":"Kommunfullm\u00e4ktige i V\u00e4ster\u00e5s"},"content":{"rendered":"\n<p>N\u00e4rradion har i m\u00e5nga \u00e5r s\u00e4nt direkts\u00e4nt sammantr\u00e4den fr\u00e5n kommunfullm\u00e4ktige. Kommunfullm\u00e4ktige brukar ha sammantr\u00e4den ifr\u00e5n V\u00e4ster\u00e5s Stadshus den f\u00f6rsta torsdagen i m\u00e5naden med ett uppeh\u00e5ll under sommaren. Ibland blir det andra torsdagen i en m\u00e5nad p g a helger och lov. Kommunfullm\u00e4ktige brukar b\u00f6rja kl 13.30 och slutar senast kl 21.\u00a0N\u00e4r politikerna ajournerar m\u00f6tet pga matpauser och dylikt s\u00e5 spelas det musik i radion. Programmet s\u00e4nds inte i repris.<\/p>\n\n\n\n<pre class=\"wp-block-preformatted\"><\/pre>\n\n\n\n<div class=\"wp-block-group alignwide\"><div class=\"wp-block-group__inner-container is-layout-flow wp-block-group-is-layout-flow\">\n<figure class=\"wp-block-image size-full is-resized\"><a href=\"https:\/\/www.fmiv.nu\/wordpress\/wp-content\/uploads\/2021\/10\/kommunfullmaktige-bild-pa-rummet-1.jpg\"><img loading=\"lazy\" decoding=\"async\" width=\"883\" height=\"497\" src=\"https:\/\/www.fmiv.nu\/wordpress\/wp-content\/uploads\/2021\/10\/kommunfullmaktige-bild-pa-rummet-1.jpg\" alt=\"\" class=\"wp-image-12547\" style=\"width:662px;height:373px\" srcset=\"https:\/\/www.fmiv.nu\/wordpress\/wp-content\/uploads\/2021\/10\/kommunfullmaktige-bild-pa-rummet-1.jpg 883w, https:\/\/www.fmiv.nu\/wordpress\/wp-content\/uploads\/2021\/10\/kommunfullmaktige-bild-pa-rummet-1-300x169.jpg 300w, https:\/\/www.fmiv.nu\/wordpress\/wp-content\/uploads\/2021\/10\/kommunfullmaktige-bild-pa-rummet-1-768x432.jpg 768w\" sizes=\"auto, (max-width: 883px) 100vw, 883px\" \/><\/a><\/figure>\n<\/div><\/div>\n\n\n\n<p><\/p>\n","protected":false},"excerpt":{"rendered":"<p>N\u00e4rradion har i m\u00e5nga \u00e5r s\u00e4nt direkts\u00e4nt sammantr\u00e4den fr\u00e5n kommunfullm\u00e4ktige. Kommunfullm\u00e4ktige brukar ha sammantr\u00e4den ifr\u00e5n V\u00e4ster\u00e5s Stadshus den f\u00f6rsta torsdagen i m\u00e5naden med ett uppeh\u00e5ll under sommaren. Ibland blir det andra torsdagen i en m\u00e5nad p g a helger och lov. Kommunfullm\u00e4ktige brukar b\u00f6rja kl 13.30 och slutar senast kl 21.\u00a0N\u00e4r politikerna ajournerar m\u00f6tet pga&hellip;&nbsp;<a href=\"https:\/\/www.fmiv.nu\/wordpress\/?page_id=11962\" rel=\"bookmark\">Read More &raquo;<span class=\"screen-reader-text\">Kommunfullm\u00e4ktige i V\u00e4ster\u00e5s<\/span><\/a><\/p>\n","protected":false},"author":9,"featured_media":0,"parent":0,"menu_order":0,"comment_status":"closed","ping_status":"closed","template":"","meta":{"neve_meta_sidebar":"full-width","neve_meta_container":"","neve_meta_enable_content_width":"on","neve_meta_content_width":100,"neve_meta_title_alignment":"","neve_meta_author_avatar":"","neve_post_elements_order":"","neve_meta_disable_header":"","neve_meta_disable_footer":"","neve_meta_disable_title":"","neve_meta_reading_time":"","footnotes":""},"class_list":["post-11962","page","type-page","status-publish","hentry"],"_links":{"self":[{"href":"https:\/\/www.fmiv.nu\/wordpress\/index.php?rest_route=\/wp\/v2\/pages\/11962","targetHints":{"allow":["GET"]}}],"collection":[{"href":"https:\/\/www.fmiv.nu\/wordpress\/index.php?rest_route=\/wp\/v2\/pages"}],"about":[{"href":"https:\/\/www.fmiv.nu\/wordpress\/index.php?rest_route=\/wp\/v2\/types\/page"}],"author":[{"embeddable":true,"href":"https:\/\/www.fmiv.nu\/wordpress\/index.php?rest_route=\/wp\/v2\/users\/9"}],"replies":[{"embeddable":true,"href":"https:\/\/www.fmiv.nu\/wordpress\/index.php?rest_route=%2Fwp%2Fv2%2Fcomments&post=11962"}],"version-history":[{"count":7,"href":"https:\/\/www.fmiv.nu\/wordpress\/index.php?rest_route=\/wp\/v2\/pages\/11962\/revisions"}],"predecessor-version":[{"id":17025,"href":"https:\/\/www.fmiv.nu\/wordpress\/index.php?rest_route=\/wp\/v2\/pages\/11962\/revisions\/17025"}],"wp:attachment":[{"href":"https:\/\/www.fmiv.nu\/wordpress\/index.php?rest_route=%2Fwp%2Fv2%2Fmedia&parent=11962"}],"curies":[{"name":"wp","href":"https:\/\/api.w.org\/{rel}","templated":true}]}}